
What is (9 - 0) + 0 + -3 + -3?
3
-7 + -5 + -1 + 16
3
What is the value of -3 + (4 + -1 - (-3 + 7))?
-4
Calculate 0 - (-1 + -1) - (-2 + 5).
-1
(-9 - -3) + (2 + -4 - -4)
-4
6 + (8 + -6 - 5)
3
What is -4 + (3 + 1 - 3) - -1?
-2
What is the value of (-1 - 3) + (9 - (-5 + 14))?
-4
(-1 - -7) + (-13 - (-12 + 4))
1
What is -6 - (-5 + -1) - (0 + 4)?
-4
What is the value of 3 + -1 + -3 + -4?
-5
What is the value of (-3 - -4) + 1 - (11 - 8)?
-1
What is the value of 2 + -1 - 2 - (-24 + 17)?
6
Calculate (-12 + 10 - -4) + -7.
-5
1 - 2 - (4 + -3 - 3)
1
What is the value of -5 + (15 - 7 - -5)?
8
-5 - (1 + (-5 - -4) - 1)
-4
Calculate 10 + (-6 - 1) + -6.
-3
What is the value of -20 + 25 - (-2 + 2 + 0)?
5
What is the value of -1 + (12 - (-3 + 4)) + -3?
7
0 + -2 - (-6 - -5)
-1
-6 + 8 + 0 + 6
8
Evaluate -2 + 1 - -5 - (6 + -4).
2
Calculate (0 - 0) + -19 + 19 - -1.
1
Calculate -4 + (-1 - -7) + -2 - -2.
2
Evaluate (-4 - 2 - -3) + 3.
0
-7 + (-4 - (1 - 6) - -4)
-2
Evaluate 4 + -1 - ((-13 - -32) + -13).
-3
What is the value of -1 + -3 + 1 + (64 - 65)?
-4
What is the value of -2 - -5 - 1 - (-4 + 0)?
6
What is -1 - 0 - (-4 + -4 + 6)?
1
8 + -9 + (-5 - -1)
-5
What is 5 - (5 + 11 + -6)?
-5
(5 - (9 - 4) - 4) + 3
-1
Evaluate 5 - (1 - -7) - 3.
-6
Calculate (2 - (-5 + 3)) + (-2 - 0).
2
Calculate -9 + 0 + (4 - -4 - 4).
-5
Calculate -1 - -3 - (-12 + 17).
-3
Calculate -3 - (0 + 0 + -7).
4
Evaluate -8 - (-2 + 2) - (-33 - -32).
-7
Evaluate 2 + -12 + 15 + -5.
0
What is the value of (-2 - 1) + -3 + 9?
3
Evaluate -1 + 3 + -2 + 8 - 3.
5
(-4 - -4) + 0 + -1 - 1
-2
What is the value of (0 - 4) + 6 + -2 - 1?
-1
17 - 4 - (1 - (-1 + -6))
5
-1 + -7 + (-2 - (0 - 3))
-7
What is 5 + (-2 - (1 - 4)) + -3?
3
Calculate 1 + 3 - (-1 + 1 - -8).
-4
Calculate 1 + -3 - (-6 - -1 - -2).
1
What is the value of (9 - 5) + (2 - 3 - 1)?
2
0 + -5 + (0 - -9)
4
What is (-7 - -1) + (-3 - -1) - -3?
-5
What is the value of -2 + (-2 + -8 + 15 - -4)?
7
Calculate 5 + -7 - (-3 - -6).
-5
Calculate -2 - (-2 + (-2 - (-4 - -1))).
-1
Evaluate 7 - (-3 + 13 + -8).
5
5 + (0 - 1) + -8 + 2
-2
(3 - (14 + -5)) + (5 - 6)
-7
What is the value of -3 - (-6 + -1 + 3) - -1?
2
Evaluate -4 + (1 - 1) + 10 - 2.
4
Calculate 2 - (-3 + 1 + 2 + 1).
1
Calculate (0 - -6 - 13) + (18 - 2).
9
Evaluate -9 - ((2 - (2 - -5)) + 1).
-5
2 + 0 + (2 - 2) + 3
5
What is the value of (34 + -31 - (0 + -2)) + -1?
4
What is the value of -3 + (4 - -1 - 3)?
-1
4 + 1 - (-8 + (25 - 6))
-6
What is 3 + (-2 - (-5 + 2 - 0))?
4
-10 + 4 - 1 - (-7 - -4)
-4
What is the value of 55 - 46 - (14 + 0)?
-5
Calculate -6 + (8 - 2) - (6 + -2).
-4
What is (-21 - -32) + -1 + -2?
8
What is -5 - 3 - -3 - 1?
-6
What is the value of -10 + (5 - 4 - 5) + 9?
-5
What is -5 + -1 + 9 + -6?
-3
Calculate -1 - (22 + -12 + -3).
-8
Calculate (4 - -12) + -7 + -11.
-2
What is the value of -6 + 4 - (-2 + -6) - 2?
4
Calculate -3 - (6 + -9 + (1 - 0)).
-1
Calculate (-3 + -4 - -4) + 4 + 3.
4
Evaluate 1 + -4 + 18 + -22 + 3.
-4
What is the value of -18 + 12 + 16 + -4?
6
Calculate -1 + (2 + 1 - (-36 - -45)).
-7
What is -3 + 6 + -5 - (2 - 3)?
-1
-8 + 9 + (4 - 2)
3
What is 0 - (-10 + 8 - (-2 + 2))?
2
Calculate (3 - (-1 - -3)) + 3.
4
2 + -7 - (-2 - 11)
8
(-4 - 3) + 14 + 1 + -14
-6
-6 - ((6 - -3) + -9)
-6
Calculate 6 - (19 - (1 + 4)).
-8
Calculate -5 + (3 - 7) + 5 + 4.
0
Evaluate 6 + -2 - (9 + -7).
2
Evaluate 0 + 1 + 3 + (6 - 17).
-7
Evaluate -2 - (-2 - (1 + -2)).
-1
What is the value of (-5 + 8 - 8) + -2 + 8?
1
Evaluate (1 - 3) + 110 + -107.
1
Evaluate -5 + 2 + 3 + (-2 - 3).
-5
What is the value of -1 + -3 + 8 + -3?
1
Evaluate (-8 - 2) + (-2 - -5).
-7
Calculate -2 - (2 + -6 + 0 - -5).
-3
Evaluate -3 + (-4 - (-1 - 5)) + 2.
1
Calculate -2 + 8 - (-11 - -24).
-7
0 + -2 + (-6 - -10)
2
(-6 - -2 - -5 - 9) + 5
-3
What is (-11 + 6 - -6) + -4?
-3
5 + (-8 - 1 - -4 - -4)
4
What is 0 + (-3 - 2 - 1)?
-6
What is 1 + 2 + 1 + (-5 - -1)?
0
Evaluate -6 + 1 - (-17 + 4 + 9).
-1
Calculate (-2 - -4 - -1) + (-3 - 2).
-2
What is 6 - (4 + (-6 - -7))?
1
6 - 1 - (-8 - -13)
0
Calculate -2 + (2 - (7 + -11)).
4
(2 - 11) + 9 + 3
3
9 + -4 + (-9 - -7)
3
1 + (0 - -5) + -18 + 15
3
What is the value of (2 + -5 - 2) + 25 + -21?
-1
What is the value of 11 + (5 - 7) - 12?
-3
Calculate 11 - (3 - 0) - 3.
5
Calculate (-4 - -4) + 20 + -26.
-6
What is 3 - (4 - (-3 + 6 - 2))?
0
2 - -3 - (10 - 3)
-2
What is the value of -2 + 3 + -3 - (1 + 2)?
-5
Evaluate 15 - ((1 - 1) + 7 + -2).
10
Evaluate (-2 + 1 - 1) + -5 + 13.
6
-3 - ((-13 - -15) + (-3 - 2))
0
Evaluate (-1 - -6) + (-6 - -3).
2
What is 1 + (0 - (-4 + 7))?
-2
Calculate (4 - 0) + (-8 - -3) + 6.
5
-118 - -113 - ((1 - 0) + -13)
7
15 + -13 - (-5 + 12)
-5
Calculate -11 + 5 + 5 + -4.
-5
What is the value of 7 + -5 - (0 + 0)?
2
Calculate -3 + 3 + -1 - -1.
0
What is the value of (4 - 1) + (2 - 1)?
4
What is the value of (19 + -9 - 3) + (-3 - -2)?
6
What is -1 + -16 + -36 + 47?
-6
Evaluate 1 - -10 - 5 - 9.
-3
Evaluate -2 + (1 - 0 - -2).
1
Calculate 0 - ((7 - 3 - -1) + -3).
-2
What is -26 + 28 - (-2 - 1)?
5
What is the value of (-6 - (1 - (2 + -3))) + 4?
-4
Calculate 0 + -10 - (-11 - -1).
0
What is the value of -5 + 5 - 0 - 3?
-3
What is the value of 5 - (2 - 4) - (1 - 0)?
6
What is the value of 2 + -12 + 0 - -7?
-3
What is the value of -2 + -3 - (-4 - -5)?
-6
16 + -6 + -14 + 9
5
What is the value of 0 - -1 - (-19 + 16)?
4
What is 2 + -2 - (3 - (2 + -1))?
-2
What is (-3 - 1) + -2 + 7 + -1?
0
-6 - (3 + -3 + 1 - 2)
-5
(-7 - -4) + -1 + -2 + 15
9
What is -8 + (5 + -5 - -4)?
-4
What is 4 - (-1 - -6) - 3?
-4
What is -6 - (-2 - (-1 + 1))?
-4
(6 - 4 - 4) + 3 - 3
-2
Evaluate 15 + -9 + 1 + -1 + -1.
5
Calculate -2 - (17 - 13 - (3 - 3)).
-6
What is -4 + (-1 - (1 + -3))?
-3
What is the value of (5 - 2) + (0 - 8)?
-5
Evaluate 4 - 6 - (4 + 3 - 5).
-4
Evaluate 5 + (-4 - (-2 - 2)).
5
Calculate (19 - 18) + (-3 - (-4 + 4)).
-2
Evaluate (1 - -8 - 8) + -4.
-3
Calculate (2 - (7 + -2)) + 0.
-3
-6 - ((-2 - (0 - -2)) + 3)
-5
What is -3 + 14 + (0 + -6 - 0)?
5
What is the value of 5 + -13 + 6 + 1 + -1?
-2
What is the value of (0 - -4) + (2 - -3 - 8)?
1
1 + -1 + (-6 - 11 - -18)
1
What is the value of 46 + -46 + (0 - (-2 - -5))?
-3
Calculate -1 + 0 - ((4 - 5) + 4).
-4
Evaluate -52 + 43 - (2 + -5).
-6
What is 4 + 0 + -5 - -3?
2
(5 + -4 - -4) + -8
-3
What is 8 + (-9 - -4) - -1?
4
What is the value of (1 - 4) + 1 - -1?
-1
Calculate (2 + 0 - 0) + -5.
-3
-3 + -2 - (2 + -4)
-3
What is -8 + (3 + 5 - 7) + 7?
0
Evaluate 7 + (1 + -7 + 10 - 8).
3
(2 - (6 - 2)) + 7
5
What is -2 + 0 - (-41 - -35)?
4
What is 1 - (1 - 3) - (0 - 5)?
8
3 + -10 + (1 - -2)
-4
-4 - -8 - 7 - -7
4
What is 4 + -8 - 1 - -11?
6
Calculate 4 + 0 + -2 - 0.
2
What is the value of 8 + 0 + -7 - 8?
-7
What is -8 + 5 + -4 - (-1 + -1)?
-5
1 - (0 + (1 - -5) - 4)
-1
Evaluate (-3 - (1 - 2 - 2)) + 5.
5
4 + -3 + (-5 - -2) + 4
2
What is the value of -1 + 4 + -1 + -3?
-1
What is the value of -4 + (3 - 1) - 2?
-4
Calculate -7 + 0 + 4 + -2 + 1.
-4
16 + (-2 - 6) + -2
6
What is 6 + (-1 - (14 + -8))?
-1
Evaluate -1 - (2 + -2 + -31 + 27).
3
What is 11 - (6 + -9 + 7)?
7
What is the value of (2 - 0) + (1 - 1 - 6)?
-4
Calculate 13 + -5 + -2 + -8 + 2.
0
-4 + (6 - (0 + 4) - 1)
-3
What is 12 - (13 + 0 + -2)?
1
Calculate 15 + -14 + -2 + 10 + -2.
7
What is 11 + -12 + 3 + 7?
9
-3 + (3 + 0 - 5)
-5
What is -4 - (3 - 1 - (4 - 1))?
-3
What is (-25 - -10) + 6 - -6?
-3
What is the value of -5 - (2 + -1 + -10 - -4)?
0
Calculate 3 + (8 + -4 + -6 - 2).
-1
What is 3 + -3 + (10 - 19)?
-9
4 - (12 + (-6 - 1)) - -7
6
What is the value of (-2 - -12) + (2 - (-9 + 12))?
9
-228 + 237 + (1 - 0) + -6
4
Calculate 4 - (2 + 1) - 2.
-1
Evaluate (1 - 3) + (3 - (-1 - -5)).
-3
(2 - 1) + (2 - 2) + 2
3
What is 3 - (-1 - 2 - 1)?
7
What is the value of (-1 - -1) + (15 - 15 - -7)?
7
What is the value of (-1 - 1) + (-64 - -60)?
-6
What is -3 - (-8 - (-9 + 7))?
3
What is the value of (3 - 4) + (-4 - -10)?
5
Evaluate 2 + -10 + (1 - 1 - -4).
-4
What is the value of 0 - (-1 + 1 + -3)?
3
Evaluate -1 + (-5 - 1) + (6 - 5).
-6
Calculate 12 - 25 - (-3 - (1 + -1)).
-10
15 + -17 - (-8 + 6)
0
(14 + -9 - 12) + 9
2
What is the value of (-4 - (7 - 5)) + 3?
-3
What is the value of (2 + -3 - 0) + -3?
-4
Evaluate -6 + 8 + -12 + 6.
-4
(18 - 0) + -10 - (-1 - 1)
10
Calculate 3 + -15 + (72 - 57).
3
What is the value of 0 - (7 - (6 + -10 + 10))?
-1
Evaluate (0 - -7) + 21 